2 - 2 - j**2 + j + 2*j**3 + j**a. Let n be t(1). What is the greatest common factor of n and 33?
3
Let v(a) = -a**3 - 2*a**2 + a + 4. Let b be v(-2). Suppose -b = 2*j - 4. What is the greatest common factor of j and 1?
1
Let h(v) = v**2 + 4*v + 1. Let y be (1 + 21/(-12))*4. Let d be h(y). Let p be 48 + d/6*0. What is the highest common factor of 32 and p?
16
Suppose 40*f - 43*f = -4*t - 58, -2*f - t + 24 = 0. Let g be -2*14/4 + 2. Let z be 6/(-15) + (-107)/g. Calculate the greatest common factor of z and f.
7
Suppose 3*q - 332 = q. Suppose -p + 90 = -q. What is the greatest common divisor of 32 and p?
32
Let l(m) = -12*m - 36. Let o(z) = 4*z**3 + 2*z**2 + 6*z + 4. Let d be o(-1). Let c be l(d). Calculate the highest common factor of c and 132.
12
Suppose q - 25 + 16 = 0. Suppose 11*c - 126 = q*c. Let p = 25 + -18. What is the greatest common divisor of p and c?
7
Let d = -65 - -91. Suppose -24 = -2*z + v + 7, 2*v = 3*z - 49. What is the highest common divisor of d and z?
13
Suppose -5*n - 20 = -2*u - 10*n, u + 4*n = 7. What is the highest common divisor of u and 165?
15
Let m be ((-1840)/(-14))/(1/7). What is the highest common divisor of m and 40?
40
Let z(h) = 10*h**2 - 6*h + 4. Let u be z(2). Let p = u + -32. Suppose 3*v + 123 - 483 = p. What is the greatest common divisor of v and 24?
24
Let b be (-10)/15 + (-1)/3. Let l be (-6 - -3)/b - -1. Let f(a) = 3*a - 4. Let y be f(l). Calculate the greatest common factor of y and 12.
4
Suppose 0 = 38*w - 35*w - 48. What is the highest common divisor of 48 and w?
16
Suppose 2*o - 43 = -9. Suppose u - 111 = o. What is the greatest common factor of u and 16?
16
Suppose -h = -17 - 13. Let v = 104 - 98. What is the highest common divisor of v and h?
6
Let n(c) = 2*c**2 + 28*c + 102. Let a be n(-7). Let g be (6 + -1)*4/10. Calculate the highest common factor of a and g.
2
Let i = 245 - 236. What is the greatest common divisor of 81 and i?
9
Let c = 304 - 218. Calculate the highest common factor of c and 602.
86
Let l(k) = 31*k**3 - 5*k**2 + 8*k + 1. Let f be l(2). Calculate the highest common divisor of 280 and f.
35
Suppose 0 = -5*z + 888 - 328. Let y(v) be the third derivative of -v**6/8 - v**3/6 - 3*v**2. Let g be y(-1). Calculate the highest common factor of g and z.
14
Let o(h) = -h**2 - 4*h + 3. Let b be o(-5). Let j be (1 + b)*(-3 - -5). Let k = 16 + j. Calculate the greatest common factor of k and 42.
14
Suppose 0 = -k + 22 + 34. Let v = -49 - -59. Suppose y = -m + 3, 0 = -3*m + 5*m + y - v. Calculate the greatest common divisor of m and k.
7
Let o be 4107/37 + (1 - 8). What is the highest common divisor of o and 26?
26
Let n = 10 - -2. Let p be (-20)/50 + (-51)/(-15). Calculate the greatest common divisor of p and n.
3
Suppose -5*v - 185 = -3*g, 0 = 5*g + 5*v - 7 - 248. Suppose 4*t + 5 = -g. Let z be (-264)/t + 3/(-5). Calculate the greatest common divisor of 85 and z.
17
Suppose -8 = -2*q, 3*n = -18*q + 14*q + 160. What is the highest common divisor of n and 6?
6
Let v(w) = -58*w + 18. Let b be v(-9). Suppose -4*f - b = -10*f. Calculate the greatest common divisor of f and 10.
10
Let k(w) = w**2 - 12*w + 30. Let s be k(9). Let n be (1 - (-5)/s)/(28/1134). Calculate the greatest common factor of 18 and n.
18
Let v be 31 - 2 - 2 - -2. Suppose 0 = -22*k + 21*k + 88. Let u be k + -3 + 0 + 2. Calculate the highest common divisor of v and u.
29
Let i(g) = -2*g**3 + g**2 - 10*g - 6. Let n be i(-7). Let l = -551 + n. What is the highest common factor of 31 and l?
31
Let c = 205 + 2063. Calculate the greatest common factor of c and 12.
12
Let w be 16 - 12 - (2 - (2 - 0)). What is the highest common divisor of w and 92?
4
Suppose 151 = z - 47. Suppose -72 = -0*o - 4*o. What is the highest common factor of z and o?
18
Let l be -7 + (-12)/(-3) - -4. Let t(j) = 12*j**2 + 2*j - 1. Let v be t(l). What is the greatest common factor of v and 104?
13
Let p = -1522 + 2406. Calculate the greatest common divisor of 52 and p.
52
Let z(d) = -1. Let i(u) = -14*u**2 + 56. Let p(h) = -5*i(h) - 280*z(h). Let x be p(-1). Let k = 336 + -308. What is the highest common factor of k and x?
14
Let m(n) = -n**3 - 8*n**2 - 7*n + 9. Let u = -15 + 8. Let p be m(u). Calculate the highest common divisor of 9 and p.
9
Let y be 40/3 + (-4)/(-6). Suppose -4*b - q - q + y = 0, -3*b = 3*q - 18. Let c be (-12)/4*(b + -7). Calculate the greatest common factor of 198 and c.
18
Let j(z) = z**2 - 12*z + 41. Let l be j(5). Suppose 0*i - 2*i = -12. Let b be (16/6)/(4/i). Calculate the greatest common divisor of b and l.
2
Suppose 0 = -3*v + 2*v + 18. Let t = -613 - -658. Calculate the highest common factor of t and v.
9
Let l be 273/((-4)/8 - -2). Suppose 3*b + 65 = l. Let c be 13*(-1)/(1/(-1)). Calculate the highest common divisor of b and c.
13
Let q be 37 + (-175)/21*12/(-20). Calculate the greatest common divisor of q and 777.
21
Suppose 11*p + 30 = 14*p. Calculate the highest common divisor of p and 8.
2
Let m be (2/(-4) - 1)/(12/(-1624)). What is the greatest common factor of m and 29?
29
Suppose 54*y = 51*y + 561. Calculate the highest common divisor of y and 11.
11
Let z(i) be the first derivative of i**3/3 - 17*i**2/2 + 22*i + 11. Let s be z(16). Calculate the highest common divisor of s and 14.
2
Let l(p) = -19 + p**3 - 2*p**2 - p**2 + 5*p + 5. Suppose -5*s + 4*w = -4, -4*s = 4*w + 8 - 40. Let x be l(s). Calculate the highest common factor of 11 and x.
11
Suppose 579 - 183 = 2*j. What is the greatest common factor of j and 22?
22
Suppose 0 = 2*i + t - 64, -5*i - 4*t + 81 = -73. Suppose 6*j - i = 14. Suppose -9 = -4*s + 39. Calculate the greatest common divisor of s and j.
4
Let f be 1/3 - (-10)/6 - -10. Let z be (-28)/f*(2 - 11). Calculate the highest common factor of z and 7.
7
Let s = 42 + -27. Let f = s - 15. Let u be f + (0 - (-297)/3). Calculate the highest common factor of u and 9.
9
Suppose -3*n = 4*v - 450, -600 = 37*n - 41*n - 2*v. Calculate the greatest common divisor of 12 and n.
6
Let b(s) be the second derivative of s**4/2 - s**3/2 + 3*s**2/2 + 27*s. Let y be b(-3). What is the greatest common factor of y and 6?
6
Suppose 2*z - s - 92 = 0, -z + 39 = 2*s - 17. Let p = -15 + 27. Calculate the highest common divisor of p and z.
12
Suppose -3*c + 3*h + 102 = 0, 2*c - 3*c + 4*h = -49. Suppose 87*p + 97 = 86*p. Let t = 155 + p. Calculate the greatest common factor of t and c.
29
Suppose 2*x + 2*o = 64, -14*x = -13*x - 5*o - 50. What is the highest common factor of x and 63?
7
Suppose -3*r = -2*w - 5*r + 6, -13 = -3*w - 2*r. Calculate the greatest common divisor of w and 973.
7
Let x = 5 + 7. Suppose -x = 7*g - 40. Suppose d + g*d = 70. What is the greatest common divisor of d and 154?
14
Let h be 12 - ((-3)/(-4))/(26/208). Let d(v) = -v - 6. Let w be d(-8). What is the highest common divisor of w and h?
2
Let j = 1495 - 1387. Calculate the highest common factor of 270 and j.
54
Let h be (4/4 - 0) + 2 - -189. Suppose 9*k - 3*k - h = 0. Calculate the greatest common factor of k and 16.
16
Suppose 10*r + 130 = 4*t + 12*r, 5*t + 5*r = 175. What is the greatest common divisor of 3390 and t?
30
Let f be (-33)/(-7) - (-4)/14. Let j = f + -3. Suppose -j*m - 40 = -7*m. Calculate the greatest common divisor of 24 and m.
8
Let n be (42/(-56))/(2/(-8)). Let h be n + (-1)/(-3)*3. Suppose -2*m - 9 + 45 = -h*s, m = 3*s + 15. Calculate the greatest common divisor of m and 3.
3
Let h = 1182 + -942. Calculate the highest common factor of 15 and h.
15
Let c = -16 + 24. Let g = -33 - -28. Let w(s) = s**2 + 5*s + 2. Let d be w(g). What is the greatest common divisor of d and c?
2
Suppose 11*c = 7*c + 156. Calculate the highest common factor of c and 1053.
39
Suppose 0 = -18*a + 177 - 33. What is the greatest common divisor of a and 568?
8
Suppose 4*c = -3*g + 2*g, 0 = 3*c - 5*g. Suppose 3*z - 2*z - 15 = c. Calculate the highest common divisor of z and 120.
15
Let v(c) = -2*c**2 - 24*c - 3. Let p be v(-12). Let f(n) = -4*n**3 + n**2 + 7*n - 6. Let t be f(p). Calculate the greatest common divisor of t and 36.
18
Suppose 1518 = 41*k - 18*k. Let w = -8 + 14. Calculate the highest common divisor of k and w.
6
Suppose -r + 5*r = 156. Let l = r + -1. Suppose -l - 157 = -3*d. Calculate the highest common divisor of 13 and d.
13
Let w be -3 - ((-4 - -3